6. What is p(a)?
6
Let b = 2/373 - -133/44760. Let i(q) be the third derivative of -1/24*q**4 + 0*q**3 + 0*q + 0 - b*q**6 + q**2 + 1/12*q**5. Give i(5).
-5
Let s(a) be the first derivative of 3*a**2 + 1. Let o(u) = -5*u. Let h(b) = -3*o(b) - 2*s(b). Suppose 0 + 8 = -4*m. Calculate h(m).
-6
Let h(x) = -x**2 + 15*x - 27. Let u be h(13). Let c(b) = 6*b**2. What is c(u)?
6
Let q(j) be the first derivative of -j**4/3 - j**3/6 - j**2/2 - j - 8. Let o(w) be the first derivative of q(w). Determine o(-1).
-4
Let i(u) be the third derivative of 0*u - 1/30*u**5 + 1/24*u**4 - 6*u**2 - 1/120*u**6 + 0 - 1/6*u**3. Give i(-2).
-3
Let g(w) = -5*w - 7. Let p be 12/4 + 1 + -2. Let i(s) = -s - 1. Let t(f) = p*g(f) - 14*i(f). Suppose 3*v - 4*j - 11 = 8, -2*j = -5*v + 13. What is t(v)?
4
Let j be 2/((5/2)/(-5)). Let q(l) be the second derivative of -1/12*l**4 + 0 + 3/2*l**2 - 1/2*l**3 + l. Calculate q(j).
-1
Let g(h) = h - 2. Let y be g(5). Let s(f) = -f**3 + 2*f**2 + f + 4. Let q(m) = m**3 - 2*m**2 - 5. Let c(j) = -3*q(j) - 4*s(j). Determine c(y).
-4
Let k = 0 - -1. Let o(s) = 2*s + 1. Give o(k).
3
Let v be 15 - (-2 + 0)*-1. Suppose u = -4*q + 10, q = 5*u - 0*q + v. Let j(s) be the first derivative of s**3/3 - 3*s**2/2 - 3*s - 1. What is j(u)?
7
Let v(s) be the second derivative of -2*s**3/3 + 2*s**2 + 34*s. Determine v(4).
-12
Suppose 0 = -3*q + 17 - 8. Let d(y) = -y - 1. Let p(r) = -4. Let h(g) = 4*d(g) - 2*p(g). Determine h(q).
-8
Let g(o) = -2*o**2 + 3*o. Let y = 24 + -22. Determine g(y).
-2
Let w(s) be the third derivative of s**4/24 + 7*s**3/6 + 2*s**2. What is w(-5)?
2
Let x(b) = -b**2 - 4*b - 4. Let s = -143 + 138. Determine x(s).
-9
Let n(l) = -2*l - 2. Let k(m) be the second derivative of -m**4/2 - m**3/3 - m**2/2 - m. Let a be k(-1). Let z = 2 + a. What is n(z)?
4
Suppose -5*w = -20, 4*j = 5*j + 5*w - 19. Let s(h) be the third derivative of h**6/20 - h**5/60 + h**3/6 + h**2. Give s(j).
-6
Let k(q) = -5*q**3 + 4*q**2 + 1 + 6*q**3 + q - 3*q**2. Let h be (5 + -9)*(-3)/(-6). Calculate k(h).
-5
Let v(o) = o**3 + 3*o**2 + o + 2. Suppose -s + 9 = 2*s. Let i be -3 + 4/1 - 1. Let x = i - s. Determine v(x).
-1
Suppose -20 = -13*k + 18*k. Let l(b) = b**3 + 4*b**2 + 5*b + 2. What is l(k)?
-18
Let m(b) = -4*b - 1. Suppose 2*g - 3 = 5*g. Determine m(g).
3
Let h(a) = 2 + 2*a - 3*a + 1. Let m be 6/(-24)*4/1. Let z be (-3)/m*(-2)/(-1). Determine h(z).
-3
Let g(q) be the third derivative of -q**4/24 + q**2. Suppose 5*f = -4*n + 53, 0 = -2*f + 4*n + 1 + 9. Let k be ((-6)/f)/(2/(-3)). What is g(k)?
-1
Let f(m) = -1 + 11*m**2 - 4877*m + 0 + 4876*m. What is f(-1)?
11
Let s(r) = 8*r - 1. Suppose 6*u - 10 = 2*u - 2*j, j - 3 = 0. What is s(u)?
7
Let s(k) = -7*k - 5. Let a(p) = -13*p - 9. Let m = 26 - 37. Let d(b) = m*s(b) + 6*a(b). Let x(y) = 3*y + 1. Let c be x(-2). What is d(c)?
6
Let l(k) = k**3 + 8*k**2 - 2*k - 5. Let o be l(-8). Let q(h) = -3*h + o - 10 - 3. Calculate q(2).
-8
Let k(d) = 2*d**3 - 2*d**2 + 3*d - 3. Let p be (4/(-6))/(1/(-3)). Calculate k(p).
11
Let j = -97 - -92. Let p(t) = t**2 + 3*t + 1. What is p(j)?
11
Let n(h) = -h**2 + 9*h - 9. Let g be n(7). Let o(p) = g*p - p - 5 - 3*p. Give o(0).
-5
Let o = 5 - 5. Suppose o = -5*x + 9 + 1. Let b(w) = -1 + 3*w**3 - 3 + 0 + 3 + 2*w**x. What is b(-1)?
-2
Let l = -34 - -39. Let m(p) = -p + 5. What is m(l)?
0
Let z = 0 - -1. Let s = 0 + z. Let r(n) = -3 - n**3 - 2*n + 3*n**2 + s + n**2. Give r(2).
2
Let s(b) = -b + 2. Let h be 3/2*4/6. Suppose -f = h + 1. Determine s(f).
4
Let a(z) = -z**2 + z - 6. Suppose 2*o - 8 = -2*o. Let c = o + -2. What is a(c)?
-6
Let h(q) = 3*q**3 - 5*q**2 + 3*q + 12. Let o(m) = -8*m**3 + 14*m**2 - 8*m - 36. Let l(b) = 11*h(b) + 4*o(b). Determine l(0).
-12
Let h be 0 - (0/2 + -1). Let f(m) = m - 3 + 3 + h + 1. What is f(-5)?
-3
Let b(v) = -3*v**3 - 7*v**2 + 8*v - 3. Let i(n) = 4*n**3 + 8*n**2 - 9*n + 3. Let j(d) = 3*b(d) + 2*i(d). Calculate j(-6).
-3
Let i(o) = 2*o - 2. Let l(s) = 3*s + 10. Let x be l(-4). Determine i(x).
-6
Let k(s) be the second derivative of -3*s**5/20 + s**4/12 - 3*s. Suppose 2*c = -3*c. Suppose -4*o + 13 = 5*v - c*o, -5*v - 3*o = -11. Calculate k(v).
-2
Suppose z = 0, -3*w - 4*z = 11 + 7. Let h(j) = j - 7 - 2*j - 5*j + j**3 + 5*j**2. Determine h(w).
-7
Let h(k) be the first derivative of k**4/3 - k**2/2 + 3*k - 5. Let i(t) be the first derivative of h(t). Let u be 6/(-10) - 2/5. Give i(u).
3
Let z(g) = 8*g - 12. Let i(r) = 2*r - 3. Let a(m) = -9*i(m) + 2*z(m). Calculate a(5).
-7
Let j(p) = -2*p + 2. Let f(n) = 4*n - 5. Let u(i) = 3*f(i) + 7*j(i). Suppose -4*b + 20 = 4*k, -5*b + 4 = 3*k - 15. Suppose v + k + 0 = 0. Determine u(v).
5
Let q be ((-45)/(-10))/(-2*(-6)/(-16)). Let b(g) = g + 2. Give b(q).
-4
Let h(v) = 2*v**2 - 19*v + 15. Let d be h(9). Let w(s) = -s**3 + 6*s**2 - 3*s + 8. What is w(d)?
-10
Let i be (3/9)/((-2)/(-18)). Let m(q) = q**3 - 2*q**2 - q - 2. What is m(i)?
4
Let y(p) be the first derivative of 0*p + p**2 + 2 - 1/24*p**4 - 1/6*p**3. Let z(a) be the second derivative of y(a). What is z(4)?
-5
Let a(d) = d + 1. Let j be a(-6). Let q(y) = -y + 0*y - 2 - 1. Determine q(j).
2
Let q(d) = -d**2 - 7*d - 6. Let a(v) = 2*v**2 + 6*v + 7. Let c(b) = -2*a(b) - 3*q(b). Give c(10).
-6
Let i(u) = -u**3 + 4*u**2 + 3. Let k be (-1)/(-2) - 4/8. Let x = k + 4. Suppose 0 = -c + x. Determine i(c).
3
Let s(q) = -q**3 - 4*q**2 - 4*q - 3. Suppose -4*z = -3*z + 2*i + 6, z = 5*i + 8. What is s(z)?
-3
Let u(m) = m**3 - 8*m**2 - 10*m + 4. Let j be u(9). Let b(g) = -4*g - 2*g + 5*g. Determine b(j).
5
Let m(f) be the third derivative of 1/6*f**3 + 0*f - 7*f**2 + 1/24*f**6 + 0*f**4 - 1/60*f**5 + 0. What is m(-1)?
-5
Let k = -3 + -2. Let u = 9 + k. Let b(n) = -u*n**2 + 4*n - n**3 + 2 + 3*n**2 - 3. Calculate b(-3).
5
Let s = 4 + -2. Let g(d) = 6*d - d**s + 0*d**2 - 3 + 2*d**2 - 2*d**2. What is g(3)?
6
Let f = 19 - 15. Let m be (-6)/(-8)*f + -1. Let h(z) be the second derivative of z**5/20 - z**4/6 + z**3/3 + z**2/2 + z. What is h(m)?
5
Let b(m) = -m**2 + 2*m + 5. Let z be ((-24)/10)/((-2)/5). Let y = 10 - z. Calculate b(y).
-3
Let k(t) = -t**2 + t. Let w = 47 + -44. What is k(w)?
-6
Let j(g) be the third derivative of g**4/24 + 5*g**3/6 - g**2. Let w be j(-3). Let q(u) = 2*u**2 + 3*u**w + 2*u**3 - u**3 - 5. Give q(-5).
-5
Let d be (-6)/(-4)*(-40)/(-12). Suppose -d*p - 16 = 9. Let w be p/2*4/(-5). Let x(q) = -q**2 + q + 1. Give x(w).
-1
Let q(a) = -a + 4. Let o(w) = w + 2*w + 0*w - 17 + 5. Let m(b) = 6*o(b) + 17*q(b). What is m(-4)?
-8
Let j = 35 + -23. Let b be (j/(-9))/(4/(-6)). Let g(p) = -7 - p**b - 3*p - 2*p**3 + 7*p**2 + p**3. Calculate g(5).
3
Let y(p) = p**2 - 7*p**2 + 2*p**2 + 3*p**2 - 7 + p. Give y(0).
-7
Let m(k) be the first derivative of -k**3/6 - 3*k - 1. Let i(c) be the first derivative of m(c). Let d(a) = a**3 - 7*a**2 + 5. Let w be d(7). Determine i(w).
-5
Let r(t) = 35 - 2 + 2*t - 14 - 9. What is r(-8)?
-6
Suppose -2 - 8 = -2*b. Let r(k) = 2*k - 5. Let l be r(b). Suppose -l*z = -z - 8. Let s(j) = j + 2. What is s(z)?
4
Let j = 18 - 17. Let w be (8/(-12))/(j/(-9)). Let t(g) = -3*g + 6. Calculate t(w).
-12
Let k(g) = g**2 + 0 + 0*g**2 - 1 - 4*g. Let y(v) = -v**3 - 7*v**2 + 4. Suppose -33 = 4*c - 5. Let p be y(c). Calculate k(p).
-1
Let u(j) = j**3 - 6*j**2 + 6*j + 4. Let m(z) = 7*z**3 - 3*z**2 + z. Let f be m(1). Determine u(f).
9
Let p(n) = 7*n**3 - 6*n**2 - 6*n + 5. Let k(i) = -6*i**3 + 5*i**2 + 5*i - 4. Let x(g) = 5*k(g) + 4*p(g). Suppose a = 2*a - 8. Suppose 4*h - a = -0*h. Give x(h).
-10
Let h(x) = x**3 + 3*x**2 - x - 1. Let p = -2 + -1. Let c be h(p). Let j(f) = -5*f + 6*f + 0*f**c + 3*f**2. Calculate j(1).
4
Let l(k) = -k + 12. Let r(s) = -s**3 - 7*s**2 - 6*s + 6. Let f be r(-6). Calculate l(f).
6
Let d(t) be the third derivative of -t**5/60 + 5*t**4/24 - t**3/6 - 3*t**2. What is d(6)?
-7
Let n(q) be the second derivative of -q**3/6 + 7*q**2/2 + 5*q. Determine n(-5).
12
Let z(g) be the second derivative of -g**5/20 + g**4/12 + 2*g**2 - 27*g. Give z(0).
4
Let y(m) = m**3. Let s(j) = -2*j - 3. Let n(t) = -5*t - 6. Let o(v) = -3*n(v) + 7*s(v). Let a be o(5). Calculate y(a).
8
Let s be 4/(-14) + (-10)/14. Let m(c) be the third derivative of -c**5/20 + c**4/24 - 17*c**2. Give m(s).
-4
Let v(u) = u + 2. Suppose 4*j = -25 - 3. What is v(j)?
-5
Let w be (-2)/8 + (-52)/